{"id":18,"date":"2023-04-27T12:04:48","date_gmt":"2023-04-27T12:04:48","guid":{"rendered":"https:\/\/nuitsgardoises.com\/?page_id=18"},"modified":"2025-06-03T20:50:29","modified_gmt":"2025-06-03T20:50:29","slug":"les-jeudis-de-musica-roque","status":"publish","type":"page","link":"https:\/\/nuitsgardoises.com\/?page_id=18","title":{"rendered":"Les Jeudis de Musica Roque"},"content":{"rendered":"\t\t<div data-elementor-type=\"wp-page\" data-elementor-id=\"18\" class=\"elementor elementor-18\">\n\t\t\t\t\t\t<section class=\"elementor-section elementor-top-section elementor-element elementor-element-141a03b elementor-section-boxed elementor-section-height-default elementor-section-height-default\" data-id=\"141a03b\" data-element_type=\"section\" data-e-type=\"section\">\n\t\t\t\t\t\t<div class=\"elementor-container elementor-column-gap-default\">\n\t\t\t\t\t<div class=\"elementor-column elementor-col-100 elementor-top-column elementor-element elementor-element-4f24ac4\" data-id=\"4f24ac4\" data-element_type=\"column\" data-e-type=\"column\">\n\t\t\t<div class=\"elementor-widget-wrap elementor-element-populated\">\n\t\t\t\t\t\t<div class=\"elementor-element elementor-element-3458f48 elementor-widget elementor-widget-text-editor\" data-id=\"3458f48\" data-element_type=\"widget\" data-e-type=\"widget\" data-widget_type=\"text-editor.default\">\n\t\t\t\t<div class=\"elementor-widget-container\">\n\t\t\t\t\t\t\t\t\t<h4>7e \u00e9dition<\/h4>\t\t\t\t\t\t\t\t<\/div>\n\t\t\t\t<\/div>\n\t\t\t\t\t<\/div>\n\t\t<\/div>\n\t\t\t\t\t<\/div>\n\t\t<\/section>\n\t\t\t\t<section class=\"elementor-section elementor-top-section elementor-element elementor-element-3644c05 elementor-section-boxed elementor-section-height-default elementor-section-height-default\" data-id=\"3644c05\" data-element_type=\"section\" data-e-type=\"section\">\n\t\t\t\t\t\t<div class=\"elementor-container elementor-column-gap-default\">\n\t\t\t\t\t<div class=\"elementor-column elementor-col-100 elementor-top-column elementor-element elementor-element-edfa190\" data-id=\"edfa190\" data-element_type=\"column\" data-e-type=\"column\">\n\t\t\t<div class=\"elementor-widget-wrap elementor-element-populated\">\n\t\t\t\t\t\t<div class=\"elementor-element elementor-element-b95346f elementor-widget elementor-widget-heading\" data-id=\"b95346f\" data-element_type=\"widget\" data-e-type=\"widget\" data-widget_type=\"heading.default\">\n\t\t\t\t<div class=\"elementor-widget-container\">\n\t\t\t\t\t<h4 class=\"elementor-heading-title elementor-size-default\">Eglise Saint-Pierre - La Roque sur C\u00e8ze<\/h4>\t\t\t\t<\/div>\n\t\t\t\t<\/div>\n\t\t\t\t\t<\/div>\n\t\t<\/div>\n\t\t\t\t\t<\/div>\n\t\t<\/section>\n\t\t\t\t<section class=\"elementor-section elementor-top-section elementor-element elementor-element-310a51d elementor-section-boxed elementor-section-height-default elementor-section-height-default\" data-id=\"310a51d\" data-element_type=\"section\" data-e-type=\"section\">\n\t\t\t\t\t\t<div class=\"elementor-container elementor-column-gap-default\">\n\t\t\t\t\t<div class=\"elementor-column elementor-col-50 elementor-top-column elementor-element elementor-element-614bc11\" data-id=\"614bc11\" data-element_type=\"column\" data-e-type=\"column\">\n\t\t\t<div class=\"elementor-widget-wrap elementor-element-populated\">\n\t\t\t\t\t\t<div class=\"elementor-element elementor-element-d64006b elementor-widget__width-initial elementor-widget elementor-widget-image\" data-id=\"d64006b\" data-element_type=\"widget\" data-e-type=\"widget\" data-widget_type=\"image.default\">\n\t\t\t\t<div class=\"elementor-widget-container\">\n\t\t\t\t\t\t\t\t\t\t\t\t\t\t\t<img fetchpriority=\"high\" decoding=\"async\" width=\"561\" height=\"794\" src=\"https:\/\/nuitsgardoises.com\/wp-content\/uploads\/2025\/04\/Nuits-Gardoises-2025-p8.jpg\" class=\"attachment-large size-large wp-image-1039\" alt=\"\" srcset=\"https:\/\/nuitsgardoises.com\/wp-content\/uploads\/2025\/04\/Nuits-Gardoises-2025-p8.jpg 561w, https:\/\/nuitsgardoises.com\/wp-content\/uploads\/2025\/04\/Nuits-Gardoises-2025-p8-212x300.jpg 212w, https:\/\/nuitsgardoises.com\/wp-content\/uploads\/2025\/04\/Nuits-Gardoises-2025-p8-380x538.jpg 380w\" sizes=\"(max-width: 561px) 100vw, 561px\" \/>\t\t\t\t\t\t\t\t\t\t\t\t\t\t\t<\/div>\n\t\t\t\t<\/div>\n\t\t\t\t\t<\/div>\n\t\t<\/div>\n\t\t\t\t<div class=\"elementor-column elementor-col-50 elementor-top-column elementor-element elementor-element-e6fdcff\" data-id=\"e6fdcff\" data-element_type=\"column\" data-e-type=\"column\">\n\t\t\t<div class=\"elementor-widget-wrap elementor-element-populated\">\n\t\t\t\t\t\t<div class=\"elementor-element elementor-element-91a9391 elementor-widget elementor-widget-image\" data-id=\"91a9391\" data-element_type=\"widget\" data-e-type=\"widget\" data-widget_type=\"image.default\">\n\t\t\t\t<div class=\"elementor-widget-container\">\n\t\t\t\t\t\t\t\t\t\t\t\t\t\t\t<img decoding=\"async\" width=\"561\" height=\"794\" src=\"https:\/\/nuitsgardoises.com\/wp-content\/uploads\/2025\/04\/Nuits-Gardoises-2025-p9.jpg\" class=\"attachment-large size-large wp-image-1040\" alt=\"\" srcset=\"https:\/\/nuitsgardoises.com\/wp-content\/uploads\/2025\/04\/Nuits-Gardoises-2025-p9.jpg 561w, https:\/\/nuitsgardoises.com\/wp-content\/uploads\/2025\/04\/Nuits-Gardoises-2025-p9-212x300.jpg 212w, https:\/\/nuitsgardoises.com\/wp-content\/uploads\/2025\/04\/Nuits-Gardoises-2025-p9-380x538.jpg 380w\" sizes=\"(max-width: 561px) 100vw, 561px\" \/>\t\t\t\t\t\t\t\t\t\t\t\t\t\t\t<\/div>\n\t\t\t\t<\/div>\n\t\t\t\t\t<\/div>\n\t\t<\/div>\n\t\t\t\t\t<\/div>\n\t\t<\/section>\n\t\t\t\t<section class=\"elementor-section elementor-top-section elementor-element elementor-element-b92ddbd elementor-section-boxed elementor-section-height-default elementor-section-height-default\" data-id=\"b92ddbd\" data-element_type=\"section\" data-e-type=\"section\">\n\t\t\t\t\t\t<div class=\"elementor-container elementor-column-gap-default\">\n\t\t\t\t\t<div class=\"elementor-column elementor-col-100 elementor-top-column elementor-element elementor-element-2cc5766\" data-id=\"2cc5766\" data-element_type=\"column\" data-e-type=\"column\">\n\t\t\t<div class=\"elementor-widget-wrap elementor-element-populated\">\n\t\t\t\t\t\t<div class=\"elementor-element elementor-element-25e0c60 elementor-widget elementor-widget-text-editor\" data-id=\"25e0c60\" data-element_type=\"widget\" data-e-type=\"widget\" data-widget_type=\"text-editor.default\">\n\t\t\t\t<div class=\"elementor-widget-container\">\n\t\t\t\t\t\t\t\t\t<div>Entr\u00e9e : 15 euros<\/div><div>Membres : 10 euros<\/div><div>Moins de 16 ans : gratuit<\/div><div>Parking gratuit\u00a0 : Place des Marronniers centre village<\/div><div><b>Renseignement : 06 89 39 08 42<\/b><\/div>\t\t\t\t\t\t\t\t<\/div>\n\t\t\t\t<\/div>\n\t\t\t\t\t<\/div>\n\t\t<\/div>\n\t\t\t\t\t<\/div>\n\t\t<\/section>\n\t\t\t\t<\/div>\n\t\t","protected":false},"excerpt":{"rendered":"<p>7e \u00e9dition Eglise Saint-Pierre &#8211; La Roque sur C\u00e8ze Entr\u00e9e : 15 eurosMembres : 10 eurosMoins de 16 ans : gratuitParking gratuit\u00a0 : Place des Marronniers centre villageRenseignement : 06 [&hellip;]<\/p>\n","protected":false},"author":3,"featured_media":0,"parent":0,"menu_order":0,"comment_status":"closed","ping_status":"closed","template":"","meta":{"footnotes":""},"class_list":["post-18","page","type-page","status-publish","hentry"],"_links":{"self":[{"href":"https:\/\/nuitsgardoises.com\/index.php?rest_route=\/wp\/v2\/pages\/18","targetHints":{"allow":["GET"]}}],"collection":[{"href":"https:\/\/nuitsgardoises.com\/index.php?rest_route=\/wp\/v2\/pages"}],"about":[{"href":"https:\/\/nuitsgardoises.com\/index.php?rest_route=\/wp\/v2\/types\/page"}],"author":[{"embeddable":true,"href":"https:\/\/nuitsgardoises.com\/index.php?rest_route=\/wp\/v2\/users\/3"}],"replies":[{"embeddable":true,"href":"https:\/\/nuitsgardoises.com\/index.php?rest_route=%2Fwp%2Fv2%2Fcomments&post=18"}],"version-history":[{"count":94,"href":"https:\/\/nuitsgardoises.com\/index.php?rest_route=\/wp\/v2\/pages\/18\/revisions"}],"predecessor-version":[{"id":1189,"href":"https:\/\/nuitsgardoises.com\/index.php?rest_route=\/wp\/v2\/pages\/18\/revisions\/1189"}],"wp:attachment":[{"href":"https:\/\/nuitsgardoises.com\/index.php?rest_route=%2Fwp%2Fv2%2Fmedia&parent=18"}],"curies":[{"name":"wp","href":"https:\/\/api.w.org\/{rel}","templated":true}]}}